ens digit of s?
0
Suppose 9*w + 709 = 8*w. Let n = w - -1105. What is the units digit of n?
6
Let v(l) be the third derivative of -13/3*l**3 + 0 - 43*l**2 + 0*l - 3/2*l**4. What is the units digit of v(-7)?
6
Let k(u) = 14*u - 1. Let l be k(4). Let j be (3 - 2)/(20/(-1420)). Let f = l - j. What is the hundreds digit of f?
1
Suppose -4*v - 72 = 4*c, -5*c - 7 = 8. Let o = -10 - v. Suppose -4*m + 83 = -z, z - o = -0. What is the units digit of m?
2
Let z(r) = r**3 + 3*r**2 + 8. Let i be z(4). Suppose 3*c = -4*a + 64, 4*a = 2*c - 7*c + i. Suppose -3*w + 317 = -c. What is the hundreds digit of w?
1
What is the tens digit of (-62792)/12*(5 + 6/12 + -7)?
4
What is the thousands digit of -1267*(96/(-33) + (-7)/77)?
3
Suppose 0*v + 2*v = 0. Suppose -y + v*y + 641 = 2*f, -3*y = -2*f - 1939. Suppose -y = -q - 2*q. What is the units digit of q?
5
Suppose 0 = 165*t - 815708 + 160163. What is the units digit of t?
3
Suppose -2*w = -4*w. Suppose -4*x + a = -1127, w = x - 3*x + a + 561. What is the tens digit of x?
8
Suppose -905*b - 99776 = -975*b + 526654. What is the thousands digit of b?
8
Let h(s) = 12*s - 8. Let l(c) = c**3 - 25*c**2 + 26*c - 3. Let w be l(24). Suppose 5*g - w = -20. What is the tens digit of h(g)?
5
Suppose 3*f + 3*g - 31848 = 0, 120*f - 116*f - 5*g = 42500. What is the tens digit of f?
2
Let r = 56692 + -29239. What is the tens digit of r?
5
Suppose 0 = 11*b - 4537 - 5517. What is the units digit of b?
4
Suppose 0 = -p + 11*p - 43720. Suppose -25*m = -p - 328. What is the units digit of m?
8
Let k(u) = 4*u**2 - 17. Let p be k(-14). Let c = p - -571. What is the hundreds digit of c?
3
Let m be (-1)/(6/(-2))*78. Suppose 0 = -x + 145 - m. Let k = x + 20. What is the tens digit of k?
3
Let m(x) = 2*x**3 + 3*x**2 - 43*x + 365. What is the tens digit of m(15)?
4
Suppose 10*k - 419 = 420 + 231. What is the units digit of k?
7
Let c(l) be the first derivative of 15*l + 15*l - 15*l - 15 - 32*l**2. What is the hundreds digit of c(-2)?
1
Let y(v) = 15*v + 40*v - 17*v + 3 + 12*v. Let j be y(2). Suppose -t + j = 49. What is the tens digit of t?
5
What is the hundreds digit of ((-207204)/(-279))/((-1)/(-6))?
4
Let b(r) = 0 - 2*r - 2 + 3 + 0*r + 5*r**2. Let k(o) = o**2 - 7*o + 12. Let i be k(2). What is the units digit of b(i)?
7
Let g = 93 - 93. Suppose g = 2*y - 15 + 9. What is the units digit of (-1896)/16*(-1 + (-1)/y)?
8
Suppose 22*j + 19297 = 321797. What is the units digit of j?
0
Suppose -181*m + 482*m - 16135406 = 0. What is the units digit of m?
6
Suppose -260*w + 4183151 = -4150889. What is the units digit of w?
4
Let k(s) = -s**3 + 2*s**2 - 5*s + 1. Let w be k(4). Suppose -7*l = -3*l - 368. Let p = w + l. What is the tens digit of p?
4
Let j = -1363 - -2038. Suppose 3*q + 375 = 3*a, 5*a + 5*q + 0*q = j. Suppose -5*w = -0*w - a. What is the units digit of w?
6
Let h(k) = -46*k + 73*k + 93 + 85 + 74*k + 50*k. What is the tens digit of h(12)?
9
Let n be (-5 + -148)*20/6. Let t = n - -721. Let b = -100 + t. What is the hundreds digit of b?
1
Let c(r) be the third derivative of -7*r**6/40 - r**5/20 + r**4/24 - 4*r**3/3 + 5*r**2 - 4*r. What is the units digit of c(-3)?
9
Let b = 5742 + -991. What is the thousands digit of b?
4
Let l(a) = -2*a**3 - 7*a**2 - 4*a - 6. Let h be l(-4). Let z(d) = -d**3 + 8*d**2 + 3*d + 4. Let p be z(7). Suppose -5*k + h = -p. What is the tens digit of k?
2
Suppose -4*i = -22803 - 8385. Suppose i = 33*y - 2466. What is the tens digit of y?
1
Let v(a) = 5876*a**2 + 311*a - 626. What is the hundreds digit of v(2)?
5
Suppose 3799 = 4*q + v - 27, -5*q - 2*v + 4781 = 0. What is the hundreds digit of q?
9
Let y(c) = -34*c**3 + 2*c**2 + c. Suppose -m + 4 = -l, 4*m + 5*l - 3*l = 16. Suppose m = i + 5. What is the tens digit of y(i)?
3
Let y(n) = -n + 2. Let b be y(-3). Let k(s) = 7*s - 13. Let w be k(b). Suppose -65 = -w*p + 17*p. What is the tens digit of p?
1
Let o = 119 - 87. Let p be 6/(((-24)/(-231))/4). Suppose o*x - 29*x = p. What is the units digit of x?
7
Suppose -21*i - 7*i = -237245 - 147531. What is the ten thousands digit of i?
1
Suppose -2215458 + 506387 = -91*c. What is the units digit of c?
1
Let y(i) = 7*i - 20. Let p(g) = 4*g**2 + 3*g + 4. Let a = -13 + 11. Let w be p(a). What is the units digit of y(w)?
8
Let f = -2337 + 1295. Let h = -133 - f. What is the tens digit of h?
0
Let v be (-625)/10*(-1 - 53)/3. Suppose 19*t - v = 4*t. Let i = t - -100. What is the units digit of i?
5
Let n(y) = -y**3 - 14*y**2 - 17*y + 5. Let v be n(-14). Suppose 5*l = 2*r + v, 4*l - 200 = -0*r + 3*r. Let p = l - 32. What is the units digit of p?
5
Let m(h) = h**2 + 6*h - 11. Let j be m(-8). Suppose -53 = -3*c - k - 170, 195 = -5*c + j*k. What is the hundreds digit of -2 - c/18 - (-1414)/12?
1
Suppose -4*h = 5*q - 26233, -2*h + h + 10495 = 2*q. Suppose q = 21*i + 8*i. What is the units digit of i?
1
What is the thousands digit of 6 + 4711 - -2*40/(-16)?
4
Suppose 0 = 4*a - 12*g + 8*g - 28, -2*a - 3*g - 6 = 0. Let t(m) = 4*m**3 + 2*m**2 - m - 11. What is the tens digit of t(a)?
1
Let f be 0*2/(-8)*-1. Suppose f = -5*w + 4*w, -3*l - 5*w + 1533 = 0. What is the hundreds digit of l?
5
Let w = 9010 + 1808. What is the hundreds digit of w?
8
Let r = -80 - -84. Suppose -i + 4*l = 3*l + 19, 4*l + 52 = -r*i. Let v = 16 - i. What is the units digit of v?
2
Let u(p) be the third derivative of -55*p**4/24 - 17*p**3/3 + 82*p**2. What is the hundreds digit of u(-4)?
1
Let s(i) = 3615*i - 6760. What is the ten thousands digit of s(9)?
2
Suppose -2*y = f - 10030, -2*f + 3*y = -15745 - 4301. What is the thousands digit of f?
0
Suppose 5*c - 12225 = 4370. Let r = c - 2096. What is the hundreds digit of r?
2
Let m = -7 - 6. Let f(o) = o**2 + 14*o + 15. Let l be f(m). Suppose -t - 3*v - 203 = -l*t, t - 202 = 2*v. What is the units digit of t?
0
Suppose 0 = 7*f + 14, 149*f - 144*f = -3*y + 125105. What is the hundreds digit of y?
7
Suppose 23*z + 59525 - 208979 = 5*z. What is the tens digit of z?
0
Suppose -137*f - 368*f = -5002530. What is the hundreds digit of f?
9
Let c be (-8 + -366)*(-2)/4. Suppose p - c = 5*z, -757 = -4*p - z + 96. What is the units digit of p?
2
Let w(d) = -9*d - 16. Let s(v) = 16*v + 31. Let f(h) = -4*s(h) - 7*w(h). Suppose 4*j + 87 = -0*j + 5*u, 117 = -5*j - 2*u. What is the units digit of f(j)?
1
Suppose 219*m - 225*m = -44175 - 30093. What is the tens digit of m?
7
What is the tens digit of 45/75 - ((-209804)/5)/7?
9
Let w(k) = 16*k - 10. Let m be w(10). Let j = 135 - 132. Suppose -3*h = j*p - 81, 5*h + 3*p = p + m. What is the units digit of h?
2
Let g = 15860 - 13794. What is the tens digit of g?
6
What is the units digit of (27996/(-30))/((-51)/3060)?
2
Suppose -5*g + p = 2, 4*g - 11*p + 16 = -15*p. Let f(o) = -186*o**3 + 6*o + 5. What is the hundreds digit of f(g)?
1
Let j(w) = 138*w - 32. Let o be j(2). Suppose 50 = -2*d + o. What is the units digit of d?
7
Let w = 335 - 316. Let u(z) = 6*z + 45. What is the hundreds digit of u(w)?
1
Suppose 25*k = -12*h + 29*k + 691284, 0 = 2*h + 2*k - 115214. What is the tens digit of h?
0
Suppose -3*n - 8*n = -803. Let s = n + -83. Let b = s + 215. What is the units digit of b?
5
Let r(p) = -p**3 + 14*p**2 - p + 17. Let h be r(14). Suppose 4*n + x - 43 = 0, h*n - 3*x - 16 = 35. Suppose 570 = n*u - 2*u. What is the units digit of u?
7
Suppose -2726341 = -37*o - 803562. What is the tens digit of o?
6
Let z(r) = -476*r - 43. Let v be z(-19). Suppose -17*j + v + 13643 = 0. What is the thousands digit of j?
1
Suppose 5*o + 3*n = 36703, -o + n + 2866 + 4473 = 0. What is the thousands digit of o?
7
Suppose -3*u - 5*c + 29241 = 0, -5*u + 12*c - 14*c + 48735 = 0. What is the tens digit of u?
4
Let b = -122 - 773. Let d = 2193 + b. What is the units digit of d?
8
Let h(n) = -n**3 - 4*n**2 + n + 4. Let q be h(-4). Suppose 4*b - 5676 = -7*b. Suppose q = -7*w + w + b. What is the tens digit of w?
8
Let j(l) = 13*l**2 + l + 4. Let g(i) = 25*i**2 + 2*i + 9. Let y(s) = -2*g(s) + 5*j(s). What is the hundreds digit of y(-3)?
1
Let g = 0 + -4. Let m be 90*(1 - g)/10. Let h = m + 10. What is the units digit of h?
5
Suppose 1476 = 4*d - 2*t, -5*t + 1490 = -3*d + 7*d. Let n = d - 104. Suppose 7*w - n = 462. What is the units digit of w?
4
Let y = 96 - 94. Suppose 1962 - 634 = y*n. What is the un